it of d?
8
Let k(p) = -p**3 - 5*p**2 - 7*p - 8. Let u be k(-4). Suppose 5*w - 130 = -5*r, 58 = r + r + u*w. What is the units digit of r?
3
Suppose 298 - 1298 = -5*o. What is the hundreds digit of o?
2
Let z(k) = k**2 - 2*k - 1. Let o be z(3). Let a = -3 + o. What is the units digit of a/(-2) - 9/(-6)?
2
Let j be (-15)/(-2) + 4/(-8). Let h be 2/(-3)*(-4 + -2). Suppose 0 = -j*n + h*n + 54. What is the units digit of n?
8
Let q = 14 + 17. What is the units digit of q?
1
Suppose 0 = -s + 3, 0*s - 80 = -5*f - 5*s. What is the units digit of f?
3
Suppose -b + 5*s - 7 = -0, -3*b + 4*s = -1. Suppose -5*t + 7*c + 50 = 4*c, -11 = -b*t - 2*c. What is the units digit of 2/((-1)/(t/(-2)))?
7
Suppose 3*r = s + 6, -5*r = 2*s - 2*r - 15. Suppose 0 = j - s - 2. What is the units digit of j?
5
Suppose 0 = -4*q + 7*q + 39. Let p = 0 - q. What is the units digit of p?
3
Suppose -5*a + 8*a = -3. What is the tens digit of 3*60/9 + a?
1
Suppose s + 5 - 3 = -3*l, -4*s + 3*l = -22. What is the units digit of s?
4
Suppose -2*x = -20 + 6. Suppose -x*n = -391 + 20. What is the tens digit of n?
5
Let q(k) = k**2 - 9*k - 11. Let w be q(10). What is the units digit of 7 + (0 - (w - 1))?
9
Let k be 5*(12/(-10) + 2). Suppose -k*n = n. Suppose 24 = 2*c - n*c. What is the tens digit of c?
1
Let y(z) = -2*z - 2. Let a be y(3). Let b(r) = r**3 + r**2 - r + 11. Let f be b(0). Let s = a + f. What is the units digit of s?
3
Let f(t) = -t**3 - 4*t**2 + t. Let w be f(-4). Let g be (w + 1)*(-10)/3. Suppose -m + g = 2*z - 0*m, -2*z + m + 14 = 0. What is the units digit of z?
6
Suppose -5*d = -c - 23, c - 3*d + 13 = -0*c. Suppose -2*i = -c*s - 22, -i - s + 15 = -4*s. What is the units digit of i?
9
What is the tens digit of (-269)/(-3) - ((-80)/24 + 3)?
9
Let k be 1/2 + (-79)/(-2). Suppose -3*s = -6*s + 4*c + k, -4*c + 24 = 5*s. What is the units digit of s?
8
Let a(q) = 2*q**2 + q - 1. Let z be a(1). Let k be 0 + 5/((-5)/z). Let u(h) = h**2 + 2*h + 1. What is the units digit of u(k)?
1
Let f(z) = 22*z**2 - 4*z + 5. What is the tens digit of f(2)?
8
Let h(x) = -32*x + 29. What is the tens digit of h(-6)?
2
Suppose y - 3 = -0*y. Suppose 30 = 4*n - 34. Suppose 0 = -2*k - 2, 4*k + n = 3*a - y. What is the units digit of a?
5
Suppose -387 = 2*h - 5*w, 0*w = 4*h + w + 785. What is the tens digit of ((-4)/(16/h))/1?
4
Let u = -54 + 130. What is the units digit of u?
6
Let s = 64 + 23. What is the units digit of s?
7
Let m(r) = -3*r - 1. Let t be m(-2). Suppose t*p = 4*p. Suppose -32 = -p*u - 4*u. What is the units digit of u?
8
Let x(n) = n**3 - 6*n**2 - n - 5. Let m be x(6). Let y = -3 - m. What is the units digit of y?
8
What is the tens digit of ((-8)/(-3) + -2)*(-450)/(-4)?
7
Let b(y) be the first derivative of y**4/24 - y**3/6 - y**2 + 1. Let d(m) be the second derivative of b(m). What is the units digit of d(4)?
3
Let h(d) = 3*d - 15. Let m be h(6). Let c(n) = -2*n + 3. Let p(g) = -3*g + 5. Let r(v) = -8*c(v) + 5*p(v). What is the units digit of r(m)?
4
Let i(g) = 2*g - 2. What is the units digit of i(2)?
2
Suppose -k = 2, 4*k + 4 = 2*p - 28. Let n = 6 + p. Let z = n - 11. What is the units digit of z?
7
Suppose 9*m - 849 = 393. What is the tens digit of m?
3
Let n be (-3 - 0)/((-1)/(-9)). Let l(w) = -5*w**2 - 3*w - 3. Let s be l(-3). Let c = n - s. What is the units digit of c?
2
Let b(x) = x + 5. Let q be b(-6). Let w be 18 - (3*q + 1). Suppose 4*d + r = 29, -3*d = -0*d - r - w. What is the units digit of d?
7
Suppose -22 = 3*y - 2*n, -3*y + 4 = 2*n + 6. Let r(w) be the second derivative of -w**3/6 + w**2/2 - 3*w. What is the units digit of r(y)?
5
Suppose 5*a = 4*x - 42, 2*a - 30 = -2*x - 0*a. Suppose -2*m + x = -21. What is the tens digit of m?
1
Let t be 2*(-2)/(-3 - 1). Let q = t - -3. What is the units digit of q?
4
What is the tens digit of -1*7/((-21)/120)?
4
Let a = -6 + 3. Let p be 1/3 + (-65)/a. Suppose 2*t = -t - k + 7, 3*t = 2*k + p. What is the units digit of t?
4
Let c = -32 + 142. What is the units digit of c?
0
What is the tens digit of 660/35*(-84)/(-8)?
9
Suppose 3*l + 484 = 14*l. What is the tens digit of l?
4
Suppose -l = n - 3*n + 28, 76 = -3*l + 4*n. Let z = 37 + l. What is the tens digit of z?
1
Let l be (1 - 3) + 2 + -90. Let g be l/(-20) - (-6)/(-4). Suppose -5*a + 3*r = -r - 96, -3*a + g*r = -60. What is the units digit of a?
6
Suppose -g - 22 = -4*y, 16 = -g + 3*y - 1. What is the units digit of ((-26)/(-4))/((-1)/g)?
3
Suppose -253 = z - 6*z + y, -3*z = 3*y - 159. What is the units digit of z?
1
Suppose -x - x = 0. Suppose 3*a - 6 - 6 = x. Suppose -6*m + 4 = -a*m. What is the units digit of m?
2
Let l be (0 + 0)/2 + 2. Suppose 5*o + l*v - 16 = 0, 5*v - 9 = 4*o - 2. What is the units digit of o?
2
Suppose 2*n = -2*j + 6*j - 16, 4*n - 28 = -4*j. What is the units digit of 2/(-3 + j) + 4?
5
Let p = -4 - -9. Suppose -2*w = -2*k - 16, -p*w + 20 = k - 2*k. What is the tens digit of 20 + 6/(k - -2)?
1
Let q = -15 - -15. Suppose q = -x + 13 - 1. What is the tens digit of x?
1
Let a = 78 - 20. What is the tens digit of a?
5
Suppose -p = -2*m - 13, 0 = -p - 2*p + 2*m + 51. What is the units digit of p?
9
Suppose -15 = -4*p + p. Suppose p*f = f + 4. Let l(q) = 4*q**3 + q - 1. What is the units digit of l(f)?
4
Let k(y) = 5*y**2 + 5*y + 3. What is the units digit of k(-4)?
3
Let c = 375 - 214. What is the hundreds digit of c?
1
Suppose 2*g - 5*l - 3 = 6*g, -4*g = -4*l + 12. Let m = 12 + g. What is the tens digit of m?
1
Let l = 16 + -22. What is the units digit of ((-15)/(-2))/(l/(-16))?
0
Let w(r) = -3*r - 3 + 3 + 1 + 9. Let f be w(8). What is the units digit of (f/(-4))/((-4)/(-8))?
7
Suppose -3*d = -3*w + 156, 9*d = -3*w + 4*d + 180. What is the units digit of w?
5
What is the hundreds digit of (1 + 188)*(2 - 0/5)?
3
Let k(c) = 15*c + 13. Let z(q) = -7*q - 6. Let r(g) = 3*k(g) + 7*z(g). What is the units digit of r(-2)?
5
Suppose 3*a - 14 = h, 2*h + 24 = 5*a + h. Let u(m) = 2*m**2 - m - 8. What is the tens digit of u(a)?
3
Suppose 3*o + 33 = 3*u, -3*u + u - 13 = 5*o. Let n = u + -10. Let q(i) = i**2 + 2*i + 4. What is the units digit of q(n)?
2
Suppose 2*n + 67 = -3*b, -5*b - 27 = -4*b + 3*n. Let s = 10 - 21. Let r = s - b. What is the units digit of r?
0
What is the hundreds digit of ((-107)/(2/(-2)))/(-11 - -12)?
1
Let l be (-4)/(-6)*6/(-2). Suppose -3*t = -5*n + 15, 9 = 3*n - t - 4*t. Let v = l + n. What is the units digit of v?
1
Suppose -3*n + 3 = -0. Let l(j) = -2*j**2 + 13*j**3 - 4*j**3 + 0 + 1. What is the units digit of l(n)?
8
Let z = -350 - -491. What is the tens digit of z?
4
Suppose -2*y + 34 = -10. Let a(h) = -2*h**3 - h**2 + 2*h + 2. Let k be a(-2). Let x = y - k. What is the tens digit of x?
1
Suppose 0 = 4*n + 28. Let p(t) = -3*t - 8. Let u be p(-6). Let d = n + u. What is the units digit of d?
3
Let d(h) = 15*h - 9. What is the units digit of d(4)?
1
Let h(x) = 77*x**2 + 2*x + 1. What is the tens digit of h(-1)?
7
What is the tens digit of (-2)/((-4)/117)*8/6?
7
Let d = 16 + -9. Suppose i - 2*i - 5*c + d = 0, c = -i + 11. What is the tens digit of i?
1
Let v(b) = -b**3 - 2*b**2. Let i be v(-2). Suppose i = -3*l + l + 10. Suppose 0 = 2*p + l - 31. What is the units digit of p?
3
Let w be (-6)/4*20/(-3). Let o(a) = w*a - 2*a - 3 - a. What is the tens digit of o(2)?
1
Let q = 84 - 47. What is the units digit of q?
7
Let p(g) = g - 6. Let m be p(6). Suppose m = 6*t - 4*t - 6. What is the units digit of -1 + t - (-1 + 1)?
2
Suppose -28*c = -10*c - 2754. What is the tens digit of c?
5
Let s = -67 + 98. Let k = s + -10. What is the units digit of k?
1
Let o(z) = z**2 - 8*z - 5. Let s be o(9). Let m = -2 + s. What is the units digit of m?
2
Suppose u = -4*u + 60. Let n = u + 12. What is the units digit of n?
4
Suppose -4*v = 20, v + 3 = 4*f - 6. Suppose 0 = -3*h - h. Let r = f + h. What is the units digit of r?
1
What is the units digit of 28/(-4)*(-2 - 3)?
5
Suppose 4*a = -16 + 64. Let z = 10 - 4. Let q = a - z. What is the units digit of q?
6
What is the tens digit of (-316)/(3 - 5) + -2?
5
Let x = 50 + -9. Let w = x + -25. What is the tens digit of w?
1
Let l(z) = -30*z. Let o be l(-1). Suppose -4*m + 8*t = 3*t - o, -5*m + 4*t = -42. What is the tens digit of m?
1
Let d(r) = -r**2 + 9*r + 13. Let g be d(10). Suppose g*t + j = 35, -64 = -5*t - 5*j +